common factor of 26 and a.
26
Let a(u) = u**2 - 51*u - 1681. Let l be a(74). What is the greatest common divisor of l and 2247?
21
Suppose -6*h - 105*h = 57*h - 64344. What is the greatest common factor of h and 1?
1
Suppose 3*s = 2*s + 10. Suppose -s*x + 200 = -2*x. Suppose -5*o + 125 = x. Calculate the highest common divisor of o and 20.
20
Let f = 279 + -178. Suppose 0 = -c + 146*l - 142*l + 10, c + 5*l + 26 = 0. Let w be f + -4*c/8. Calculate the highest common divisor of 13 and w.
13
Suppose -70*g + 10791 = 1271. Suppose -5*f - 4*o + 6*o = -77, 4*o = -4*f + 84. What is the greatest common divisor of g and f?
17
Let j = -162 + 170. Suppose 10*r - o = 9*r + 11, -r = -4*o - j. Calculate the greatest common factor of r and 8.
4
Let c = -32652 - -32689. Let s = 590 + -257. What is the highest common divisor of s and c?
37
Suppose -5*a + 15 = 0, 3*a = 5*n + 120 + 144. Let b = n - -47. Let k(j) = -j**3 - j - 8. Let q be k(b). What is the greatest common divisor of 20 and q?
20
Let m be (-1)/(-3) - (-2327)/39. Suppose 4*c = 2*f + 3*c + 31, 0 = -5*f + c - 76. Let n be f/(-1)*(5 + (-8 - -4)). What is the highest common factor of n and m?
15
Let q be (49 - 56)*(1 - 674/14). Let w = q + -313. Suppose -5*d - 147 = -827. What is the greatest common factor of d and w?
17
Let w(u) = u**2 + 13*u - 18. Let s(g) = g**2 + 15*g - 19. Let v(h) = -3*s(h) + 4*w(h). Let l be v(5). Calculate the greatest common factor of l and 20.
5
Let c = -3168 - -3312. Suppose u - 145 = -4*z, 2*u + 74 + 32 = 3*z. Calculate the greatest common factor of c and z.
36
Let f be (-6)/8*-1*(-3500)/(-21). Calculate the highest common factor of 2875 and f.
125
Let h(o) = 2*o**3 - 40*o**2 - 43*o + 129. Let s be h(21). Calculate the greatest common factor of s and 52.
4
Suppose -5*m + 105 = 2*b, -3*b = 5*m - 0*m - 170. Suppose -54 = -27*n + 1350. What is the highest common factor of n and b?
13
Suppose -7616 = 43*x - 11*x. Let d be 1*(-12)/(-36) - x/6. Calculate the greatest common factor of d and 100.
20
Let j = 77 + -54. Let h = j - 13. Let f(o) = -31*o**3 - o**2. Let l be f(-1). Calculate the highest common factor of h and l.
10
Suppose -y = -2*s + 126, -4*y - 53 = -s + 10. Let c be (-20*1)/(-1) - 2. What is the highest common divisor of c and s?
9
Let g be ((-3)/(-9))/(2/78). Let u be 18/14 + (112/(-49) - -2). Let z be 2600/25 + (u - 1/1). What is the highest common factor of z and g?
13
Suppose -2*y = f - 60, 302*y - 24 = 299*y. What is the greatest common factor of f and 62?
2
Suppose -m = 5*r - 50, m + 9*r - 14*r = 10. Suppose 4*b - 36 = -2*x, 16 = -m*b + 31*b - 3*x. What is the highest common factor of 170 and b?
10
Suppose -12 = -j - 5*t, j - 2*t + 4 - 2 = 0. Let o be (-3 - -1)*(-15)/j. Suppose -12*y + 17*y - o = 0. What is the highest common factor of 3 and y?
3
Let s(y) = 2*y + 13. Let a be s(-4). Suppose -3*h = -4*h + a. Suppose -3*t - 2*t - 4*u + 95 = 0, -t + 19 = h*u. Calculate the highest common factor of 19 and t.
19
Let d be 1 - (-25)/(-15) - (-14124)/18. Calculate the greatest common factor of 16 and d.
16
Let b be (1056/(-154))/((-1)/7). Let k(y) = -2*y**3 - 7*y**2 - 15*y - 16. Let u be k(-7). What is the highest common factor of u and b?
48
Suppose -34333 = -202*a - 5528 - 525. What is the highest common factor of 610 and a?
10
Let u be 467*2 - 4/24*-12. What is the highest common divisor of 40 and u?
8
Let v = 225 + -220. Suppose v*y - 10 = -4*a + 389, 0 = a - y - 93. What is the greatest common factor of a and 12?
12
Suppose 3317 = 13*p - 2832. What is the greatest common factor of p and 44?
11
Suppose 54*q + 1032 - 4253 - 2611 = 0. Calculate the greatest common divisor of q and 3942.
54
Let f be (-2)/4 - (-19)/38. Suppose 3*z - 27 = -f*z. Let k = -130 + 211. Calculate the greatest common factor of k and z.
9
Let s = -1 - -5. Suppose -s*c + 4*j = -351 - 421, -4*c + 787 = -j. Let i = 906819 - 906786. What is the highest common divisor of i and c?
33
Let q be 8*(-9)/(-72) + 0 + 4. Suppose 17 - 42 = q*x, -4*n + 3 = 5*x. What is the greatest common divisor of 3 and n?
1
Let s = 111 + 626. Suppose 3*x - 4*y - s + 297 = 0, 468 = 3*x + 3*y. What is the greatest common divisor of 532 and x?
76
Suppose -b = -0*b - 287. Let y = b + -194. What is the greatest common divisor of y and 124?
31
Let i = 5552 + -5527. Calculate the highest common factor of 80 and i.
5
Let y = -4718 + 5069. What is the highest common factor of 783 and y?
27
Let a = 33 + -33. Suppose -b + 55 + 25 = a. Let s(n) = 7*n - 47. Let c be s(9). Calculate the highest common divisor of c and b.
16
Let d(s) = 38*s**3 + 2*s**2 - 2*s + 2. Let r be -2 - 64/(-30) - (-39)/45. Let y be d(r). What is the highest common divisor of 24 and y?
8
Let k be 1*3*(-100)/(-12). Let z = -153 + 153. Let c be z - -29 - 4/1 - 0. Calculate the highest common factor of c and k.
25
Let n = 3844 - 3767. Calculate the greatest common divisor of 1113 and n.
7
Let v = -281 - -293. Let b be (v/10)/(((-18)/(-130))/9). Calculate the highest common factor of 12 and b.
6
Let a be (-1 - (-7 - -4))*716/8. Suppose 16*n - a - 109 = 0. Let x(i) = -64*i - 2. Let g be x(-2). Calculate the highest common divisor of n and g.
18
Let v = 21 - 14. Suppose 4*g + 9*z - 100 = -3*z + 8*z, z + 3 = 0. Calculate the highest common divisor of v and g.
7
Let v = -1069 + 5017. Calculate the highest common divisor of v and 168.
84
Let m be -5 - ((-1 - 2)/(132/440) + 4). What is the greatest common factor of m and 27?
1
Let f be ((-25)/3 - -1)*-54. Let w(a) = 693*a - 2061. Let y be w(3). Calculate the highest common factor of f and y.
18
Suppose 6*d + 59 = 17. Let z(q) = q**2 + 5*q + 2. Let a be z(d). Let p = -259 - -403. Calculate the greatest common factor of p and a.
16
Let i = -3 - -7. Suppose 0 = 5*x + 2*r + 2*r - 18, 0 = 2*x + i*r. Let p = 134 + -131. Calculate the greatest common divisor of p and x.
3
Let c(f) = 3*f**2 + 23*f + 14. Let a be 1 + -2 + -4 + -7. Let y be c(a). Let z be (-1 + 0)/((-1)/34). What is the highest common divisor of z and y?
34
Let v(t) = 2*t**2 + 19*t - 12. Let u be v(9). Suppose 0 = -17*r + 155 + u. Calculate the highest common factor of 42 and r.
14
Let k be (14/(-3))/(2/(-33)). Let x be (-6800)/28 - (-5)/(-35). Let b = x - -250. What is the greatest common divisor of b and k?
7
Let t(g) = -135*g + 1725. Let i be t(6). Calculate the greatest common divisor of 75 and i.
15
Let r(l) = -l**3 - 47*l**2 + 42*l + 5. Let c be r(-48). Calculate the highest common factor of 1 and c.
1
Suppose 4 = 2*m, 3*u - 3*m = 8*u - 101. Suppose u*f - 3*f = 48. Suppose -33 = -y + r + 29, 178 = f*y + r. Calculate the greatest common factor of 45 and y.
15
Suppose 4*y - 3*x = 131 - 25, -2*x = -5*y + 136. Let u(i) = -i**3 - 55*i**2 - 743*i + 108. Let t be u(-31). Calculate the greatest common factor of t and y.
7
Let u = 7863 - 7522. Calculate the highest common factor of 372 and u.
31
Let c = -41 + 59. Suppose 0 = 4*l - 5*s - 53, -19*l + c*l + s = -13. Calculate the highest common divisor of l and 162.
6
Suppose q - i + 11 = 5, -4*i + 4 = 0. Let v be (3/3)/(q/(-10)). Suppose -v*g = 2 - 14. Calculate the highest common factor of 12 and g.
6
Suppose 2*w = 8*w - 12. Suppose -4*u = f + 596, -w*u + f = 178 + 126. Let g be u*(-4)/4 - -2. Calculate the greatest common factor of 19 and g.
19
Suppose 3*u = -j - 70, 16*j - u = 14*j - 84. Suppose 3*h = -2*h + 260. Let c = h + j. What is the highest common divisor of c and 42?
6
Let y(j) = 12*j**3 + 14*j**2 - 8*j. Let u be y(1). Let f(p) = p**2 + p + 90. Let s be f(0). Calculate the highest common divisor of u and s.
18
Let t(d) = 14*d**2 + 101*d + 257. Let r be t(-5). Let s = -44 - -95. Calculate the highest common factor of s and r.
51
Let k = -19001 + 19309. Calculate the greatest common factor of 812 and k.
28
Let j(l) = -3*l**3 - 4*l**2 - 4*l - 3. Let k be j(-1). Suppose k = -11*g + 4978 + 2315. What is the greatest common factor of 102 and g?
51
Let c(a) = a**2 + 3*a - 250. Let p be c(-22). Let o = p + -113. Calculate the greatest common factor of o and 15.
5
Let d(v) = v**3 - 44*v**2 - 40*v - 344. Let t be d(46). Calculate the highest common divisor of t and 12.
4
Let m(i) = 744*i + 4792. Let u be m(-6). Calculate the greatest common divisor of u and 184.
8
Suppose 14*x - 93740 = 6*x - 12*x. Calculate the highe